e
Is 10 a factor of 69680?
True
Is 2785216 a multiple of 28?
True
Is 898858 a multiple of 102?
False
Is 61971 a multiple of 178?
False
Does 5 divide 395331?
False
Is 441 a factor of 102312?
True
Is 61 a factor of 4436057?
False
Is 252780 a multiple of 220?
True
Is 467887 a multiple of 63?
False
Is 104930 a multiple of 10?
True
Does 913 divide 540496?
True
Is 24 a factor of 939936?
True
Is 5 a factor of 1030961?
False
Is 23 a factor of 3989005?
True
Is 492974 a multiple of 19?
True
Does 42 divide 22644?
False
Is 39 a factor of 163488?
True
Does 793 divide 2943616?
True
Is 6 a factor of 945798?
True
Is 26 a factor of 214165?
False
Does 130 divide 743697?
False
Is 1075060 a multiple of 778?
False
Is 14 a factor of 2062592?
True
Is 205 a factor of 133045?
True
Is 6 a factor of 339495?
False
Does 810 divide 2187391?
False
Is 41 a factor of 104222?
True
Does 232 divide 1133552?
True
Does 17 divide 79548?
False
Is 44 a factor of 7788?
True
Is 116316 a multiple of 2?
True
Is 5 a factor of 3652920?
True
Is 5886333 a multiple of 171?
True
Is 53 a factor of 2010237?
True
Is 214893 a multiple of 7?
True
Is 171 a factor of 843020?
False
Is 50 a factor of 1314750?
True
Does 525 divide 9879450?
True
Does 64 divide 45248?
True
Does 605 divide 300080?
True
Does 77 divide 355124?
True
Is 81 a factor of 9331605?
True
Does 26 divide 22906?
True
Is 53 a factor of 142088?
False
Does 1400 divide 1797600?
True
Is 458084 a multiple of 19?
False
Does 284 divide 7993748?
True
Is 188860 a multiple of 133?
True
Does 26 divide 1503944?
True
Is 532619 a multiple of 30?
False
Does 8 divide 364296?
True
Is 53 a factor of 974140?
True
Is 4408414 a multiple of 236?
False
Does 987 divide 808550?
False
Is 70 a factor of 2063600?
True
Is 9 a factor of 3698344?
False
Is 138 a factor of 3874521?
False
Is 12823703 a multiple of 728?
False
Is 161493 a multiple of 225?
False
Is 9 a factor of 159925?
False
Is 6 a factor of 7488?
True
Is 137 a factor of 395100?
False
Does 426 divide 197168?
False
Is 5846656 a multiple of 128?
True
Is 23802 a multiple of 8?
False
Does 8 divide 329528?
True
Is 3246100 a multiple of 22?
True
Is 257684 a multiple of 32?
False
Does 10 divide 260530?
True
Is 68391 a multiple of 447?
True
Is 44 a factor of 12829753?
False
Is 142 a factor of 116156?
True
Is 2723765 a multiple of 548?
False
Is 211 a factor of 1264945?
True
Does 10 divide 312570?
True
Is 90 a factor of 350179?
False
Does 183 divide 50602?
False
Is 61 a factor of 1705292?
False
Is 348544 a multiple of 32?
True
Is 152 a factor of 62776?
True
Is 881202 a multiple of 228?
False
Does 13 divide 32461?
True
Is 4232834 a multiple of 15?
False
Is 10 a factor of 240910?
True
Is 2833673 a multiple of 86?
False
Does 14 divide 134427?
False
Is 343 a factor of 741480?
False
Is 22 a factor of 8711?
False
Is 20757 a multiple of 33?
True
Is 69 a factor of 783866?
False
Is 63 a factor of 1851011?
False
Is 1437751 a multiple of 293?
True
Is 5 a factor of 223620?
True
Is 12741488 a multiple of 16?
True
Is 6 a factor of 98472?
True
Does 14 divide 1936060?
True
Does 7 divide 327182?
False
Is 1370370 a multiple of 3?
True
Is 26605891 a multiple of 341?
False
Is 79 a factor of 5199?
False
Is 238 a factor of 10752126?
True
Is 1068 a multiple of 12?
True
Is 282 a multiple of 3?
True
Does 70 divide 550110?
False
Is 68745 a multiple of 3?
True
Does 100 divide 216485?
False
Is 322 a factor of 16249408?
True
Is 711 a factor of 4281642?
True
Is 4 a factor of 143544?
True
Is 165121 a multiple of 17?
True
Is 310700 a multiple of 239?
True
Is 4338384 a multiple of 852?
True
Is 1485759 a multiple of 121?
True
Is 2515 a multiple of 4?
False
Is 150 a factor of 126288?
False
Does 1156 divide 5996172?
True
Is 249 a factor of 7501374?
True
Is 8 a factor of 30760?
True
Is 77755 a multiple of 54?
False
Is 172 a factor of 13670216?
True
Is 16662 a multiple of 3?
True
Is 121 a factor of 174991?
False
Is 86852 a multiple of 4?
True
Is 5427 a multiple of 2?
False
Does 8 divide 4394410?
False
Is 235873 a multiple of 523?
True
Is 195 a factor of 9029085?
True
Does 272 divide 186864?
True
Does 45 divide 454600?
False
Is 59 a factor of 1586318?
False
Is 293 a factor of 3799331?
True
Does 13 divide 2159092?
True
Is 250 a factor of 2749874?
False
Does 25 divide 118328?
False
Does 6 divide 338058?
True
Is 88 a factor of 566573?
False
Is 122 a factor of 368806?
True
Does 92 divide 3153020?
False
Does 42 divide 1233750?
True
Does 10 divide 336580?
True
Does 30 divide 127290?
True
Does 272 divide 5528944?
True
Is 10 a factor of 434848?
False
Does 6 divide 30287?
False
Is 601021 a multiple of 39?
False
Does 480 divide 770396?
False
Is 78 a factor of 352653?
False
Is 1899 a multiple of 36?
False
Does 700 divide 837900?
True
Does 164 divide 168997?
False
Is 59 a factor of 1014328?
True
Is 331865 a multiple of 5?
True
Is 129 a factor of 425682?
False
Is 3 a factor of 2068446?
True
Is 67 a factor of 1663141?
True
Is 2270959 a multiple of 371?
False
Is 9177916 a multiple of 480?
False
Does 234 divide 857686?
False
Does 422 divide 931682?
False
Is 61420 a multiple of 10?
True
Is 49063 even?
False
Is 65 a factor of 11445590?
True
Does 31 divide 165695?
True
Is 23145 a multiple of 5?
True
Is 589 a factor of 7498937?
False
Does 1227 divide 11182370?
False
Is 153 a multiple of 23?
False
Is 417 a factor of 4262157?
True
Does 1399 divide 6506749?
True
Is 1105300 a multiple of 14?
True
Is 14162006 a multiple of 118?
True
Is 350 a factor of 71750?
True
Does 320 divide 117733?
False
Is 10 a factor of 129580?
True
Is 5615524 a multiple of 97?
True
Does 7 divide 45527?
False
Does 4 divide 6606408?
True
Is 437400 a multiple of 31?
False
Does 36 divide 19113990?
False
Is 12 a factor of 5063184?
True
Does 38 divide 781850?
True
Is 3675072 even?
True
Is 14 a factor of 36353518?
False
Does 35 divide 3284505?
True
Does 23 divide 384445?
True
Is 124514 a multiple of 101?
False
Is 37 a factor of 8839559?
True
Does 764 divide 2889448?
True
Does 15 divide 470898?
False
Is 12 a factor of 184701?
False
Does 11 divide 537185?
True
Does 26 divide 150120?
False
Is 113359 a multiple of 15?
False
Is 163674 a multiple of 28?
False
Is 20 a factor of 165276?
False
Does 54 divide 541526?
False
Is 9 a factor of 312165?
True
Is 388945 a multiple of 181?
False
Does 10 divide 6961678?
False
Is 258 a factor of 1693770?
True
Is 5963937 a multiple of 203?
True
Is 77 a factor of 272426?
True
Is 47 a factor of 997481?
True
Does 59 divide 1281067?
True
Is 2361888 a multiple of 4?
True
Does 16 divide 612288?
True
Is 52 a factor of 201530?
False
Does 159 divide 3359034?
True
Does 211 divide 2614669?
False
Is 149797 a multiple of 11?
False
Does 76 divide 93103?
False
Is 1341 a factor of 14982176?
False
Is 341951 a multiple of 149?
False
Is 30 a factor of 695874?
False
Is 3 a factor of 2426?
False
Is 637 a factor of 1200108?
True
Is 34 a factor of 4290664?
True
Does 62 divide 6628757?
False
Does 139 divide 122340?
False
Is 132384 a multiple of 48?
True
Is 3 a factor of 81555?
True
Is 102419 a multiple of 23?
True
Is 658897 a multiple of 89?
False
Is 762790 a multiple of 35?
True
Is 9 a factor of 1239633?
True
Is 5131434 a multiple of 58?
True
Is 27 a factor of 2903337?
True
Is 7 a factor of 196887?
False
Is 18 a factor of 746712?
True
Is 18 a factor of 42606?
True
Does 897 divide 2875882?
False
Is 13 a factor of 1699555?
True
Does 13 divide 204886?
False
Does 25 divide 62275?
True
Is 3585443 a multiple of 556?
False
Does 18 divide 4366260?
True
Is 47 a factor of 2508637?
False
Is 1074860 a multiple of 26?
False
Is 164797 a multiple of 7?
False
Is 3481289 a multiple of 51?
False
Is 113094 a multiple of 309?
True
Is 148 a factor of 9712806?
False
Is 89 a factor of 78142?
True
Is 79 a factor of 100742?
False
Is 355059 a multiple of 94?
False
Is 17 a factor of 41818?
False
Does 90 divide 1680480?
True
Is 57 a factor of 568119?
True
Does 7 divide 341857?
False
Is 103 a factor of 11403?
False
Does 10 divide 221430?
True
Is 53 a factor of 3174572?
False
Is 44 a factor of 1406900?
True
Is 1240666 a multiple of 77?
False
Is 1223 a factor of 359177?
False
Does 119 divide 167511?
False
Is 61 a factor of 189982?
False
Is 10 a factor of 790560?
True
Is 20956 a multiple of 8?
False
Is 10 a factor of 119642?
False